6. What is the greatest common divisor of 12 and z?
12
Let i = 12 + -2. Let u = 114 - 34. Calculate the highest common factor of u and i.
10
Suppose 3 = h - 1. Let m be (2 - h) + 1 - -23. Let n(w) = 22*w**3. Let v be n(2). What is the greatest common factor of v and m?
22
Suppose 0 = -2*z + 69 - 11. Suppose -4*d = z - 117. What is the highest common factor of d and 2?
2
Let b = -10 + 21. Let k = 2 - -42. Suppose 5*w + 3*g = 110, 0 = 2*w + 3*g - 2*g - k. Calculate the greatest common factor of w and b.
11
Let x(u) = u - 3. Let o be x(9). Suppose -i - 46 = -3*p, -3*i = -2*p - 2*i + 31. What is the greatest common divisor of p and o?
3
Let a be ((-12)/14)/((-2)/(-14)). Let y be 51/9 - 2/a. What is the greatest common divisor of 4 and y?
2
Let t(u) = 2*u**2 + 16*u - 4. Let g be t(-12). What is the greatest common factor of g and 23?
23
Let r = -7 + 7. Suppose r = 4*v - 5*g + 4*g - 440, 2*v - 220 = -4*g. Calculate the highest common factor of v and 10.
10
Suppose -d + 45 = 4*d. Calculate the highest common factor of d and 36.
9
Let f(v) = v**3 + 7*v**2 + 7*v + 6. Let z be f(-4). Let x be z/4 + (-2)/4. Let m be 44/x + (-4)/(-6). Calculate the highest common divisor of 1 and m.
1
Let a(g) = 11 - 5 - 4 - 2*g. Let r be a(-8). Calculate the highest common factor of 12 and r.
6
Let s = 4 - 12. Let c be (18/(-8))/((-2)/s). Let h be -1 + (-6)/c*21. What is the greatest common factor of 13 and h?
13
Let l(d) = 4 - 25*d - 1 - 4. Let u be l(-4). Suppose 5*p - 2*r - 2*r - 53 = 0, -4*r = p - 1. What is the greatest common divisor of p and u?
9
Suppose -n - 33 = -92. What is the greatest common divisor of 236 and n?
59
Let t(l) = l**2 - l + 5. Let c be t(5). Let q(k) = 3 - 5 - k**2 - 4 + 10*k. Let v be q(8). What is the greatest common divisor of v and c?
5
Suppose -27 - 18 = -3*o. Let s(c) = -c + 1. Let v be s(4). Let z = o + v. What is the greatest common factor of 108 and z?
12
Suppose h = -3*h. Suppose -5*b = -h*b - 205. Suppose -5*f - 5*z = -70, -b = -5*f + 2*z + 29. What is the highest common factor of f and 98?
14
Suppose -126 = -3*i + 5*a - 7, 3*i - 149 = -a. What is the highest common factor of 528 and i?
48
Suppose -3*b + 82 = 4*t - 7, t + 63 = 2*b. Suppose 44 = 5*s - b. What is the greatest common divisor of 75 and s?
15
Suppose 5*g = 7 + 448. Suppose 0 = -4*a + 5*p + 57, 5*p = 4*a + p - 56. Calculate the highest common divisor of a and g.
13
Suppose 3*f = -29 + 125. What is the highest common divisor of f and 256?
32
Let k = 310 + -156. What is the greatest common factor of k and 14?
14
Let j(l) = 4*l**3 - 2*l + 1. Let q be j(1). Let s = 1 + q. What is the highest common factor of 16 and s?
4
Suppose 12 = k - 2. What is the highest common divisor of k and 14?
14
Suppose 88 = 2*d + 8. Suppose -30 = -5*g - 4*l + 16, -4*g - 4*l + d = 0. Suppose g*f = f + 225. What is the highest common factor of 9 and f?
9
Let j be 5/((-5)/(-24)) + 0. Let k(r) = -2*r - 1. Let g be k(-3). Suppose j = 2*s - g*v, 5*v - 36 = -4*s + s. What is the highest common divisor of 4 and s?
4
Suppose -3*a + 1 = 4, a = -5*r + 9. Suppose -25 = -r*u + 5. Calculate the highest common factor of u and 120.
15
Let a = 21 - 15. Let f be (-4)/6 + 622/a. Suppose -3*u = 2*i - 53, -4*i - 8*u = -3*u - f. Calculate the greatest common factor of 55 and i.
11
Let x(f) = -7*f**2 + 4*f + 5 - 4*f**2 + 10*f**2. Let q be x(4). What is the highest common factor of q and 40?
5
Let o be 5 - (1 + -23 - 0). Suppose 3*y + 3*j = -4 + 13, 3*y = 4*j + 9. What is the highest common divisor of y and o?
3
Let d(l) = l**2 + 4*l - 4. Let w be d(4). Calculate the greatest common divisor of 56 and w.
28
Suppose 5*j = -8*w + 5*w + 53, -2*j = -3*w - 17. Suppose t - 2*t = 2*s - 2, 5*t = -3*s + 38. Calculate the greatest common factor of t and j.
10
Let u = 59 - 109. Let v = -22 - u. What is the highest common factor of 70 and v?
14
Let c = 32 + -23. Let f(v) = -71*v + 1. Let m = 4 - 5. Let b be f(m). Calculate the highest common factor of b and c.
9
Suppose 0 = 3*a - 4*j - 27, -a + 4*j = -6*a + 13. What is the greatest common factor of 1 and a?
1
Let z(p) = p**2 - 3*p - 8. Let w be z(7). What is the highest common factor of 40 and w?
20
Let v(u) = -u - 5. Let t be v(-5). Suppose -69 = -k - q, t = -3*k - q + 182 + 17. Calculate the highest common factor of k and 26.
13
Let h be 23/7 - 4/14. Let g(w) = 3*w**2 + 5*w**3 + w**2 - 6*w**h + 2. Let k be g(4). What is the highest common factor of 3 and k?
1
Let g = -9 - -13. Let y(a) = a**2 + 11*a - 8. Let p be y(-12). Calculate the greatest common factor of g and p.
4
Suppose -3*o + 86 = -94. Suppose 2*q - o = 140. Calculate the greatest common factor of 25 and q.
25
Let s be 1/4 + 307/4. Let x(y) = -3*y + 4. Let h be x(-6). Let d be ((-8)/(-16))/(1/h). Calculate the greatest common factor of d and s.
11
Let t be -1 - 2/(-1) - -1. Let m be 430/6 + t/6. Let s = m - 7. Calculate the greatest common divisor of 13 and s.
13
Suppose -42 + 204 = c. Let h = -20 - -38. What is the highest common factor of h and c?
18
Let f be 28/4 + -4 - -1. Let p be 1/2*(f - -10). Calculate the highest common divisor of 77 and p.
7
Let g = -11 + 9. Let q = -1 + g. Let x be 2 + (-150)/(q + 1). Calculate the highest common factor of x and 7.
7
Suppose 2*j = -2*j + 112. Let v be 2 + -3 + 43/1. Calculate the greatest common factor of j and v.
14
Suppose 8*j + 4*g = 3*j + 16, 0 = 5*g + 5. Suppose 3*s - 18 = 3*m, s - 2*m - 9 = 2. Let h = j - s. Calculate the highest common factor of 3 and h.
3
Let u = 44 + -37. Calculate the highest common factor of 1 and u.
1
Suppose 2*v - 60 = -v. What is the highest common factor of v and 4?
4
Suppose 0*x + 4 = 2*x, -j + 5*x = -102. Suppose j = -y + 2*y. Calculate the highest common divisor of y and 14.
14
Let k(u) be the second derivative of -2*u + 0*u**2 + 0 - 9/2*u**3. Let q be k(-4). Calculate the greatest common factor of q and 12.
12
Suppose 3*q + 3 = 12. Suppose q*d = -0 + 33. What is the highest common divisor of 22 and d?
11
Let q = 87 - 46. What is the greatest common divisor of 287 and q?
41
Suppose b - 5*u - 22 + 4 = 0, -36 = -5*b - 2*u. What is the highest common factor of 20 and b?
4
Let t(d) = -65*d + 2. Let j be t(-2). Calculate the greatest common factor of 12 and j.
12
Let c = 204 + -181. Let b be (69/9)/(1/6). What is the greatest common factor of b and c?
23
Suppose 5*y - 170 = 45. Suppose m + 47 = 2*a + 2*a, -4*m + y = 5*a. Calculate the highest common factor of a and 121.
11
Suppose -140 = -5*m + 175. Let l = -35 - -70. Suppose l = 5*p - 0*p. Calculate the highest common factor of p and m.
7
Suppose 16*c - 110 = 5*c. Let k be (-1 - 0) + 1*4. Suppose 0 = -0*y - k*y + 30. What is the highest common factor of c and y?
10
Let n = -481 - -814. What is the greatest common factor of n and 37?
37
Let v(r) = -r + 7. Let m be v(5). Suppose 5*i - 12 = m*i. Suppose -2*u + i*u = 4*x - 12, -5*x + u + 18 = 0. What is the highest common factor of x and 12?
4
Suppose -470 = -3*k - 2*p, 2*k + 155 = 3*k + p. Calculate the highest common factor of 32 and k.
32
Let j(g) = g**3 - 12*g**2 + 9*g + 6. Let c be j(13). Let a = -100 + c. What is the greatest common divisor of 24 and a?
24
Let n(w) be the second derivative of -w**4/12 + 2*w**3 - 4*w**2 - 3*w. Let z be n(9). Let a be -38*(-1 - 2/4). What is the highest common factor of a and z?
19
Suppose 32 = -d + 5*d. Let l = 11 - 0. Suppose -l = -4*j + 5. Calculate the greatest common divisor of d and j.
4
Let n(p) = -p**2 + 15*p - 19. Let c be n(12). What is the greatest common factor of 187 and c?
17
Let g(c) = c**3 + 9*c**2 + 7*c + 11. Let t be g(-7). Let r(f) = f + 2. Let i be r(10). What is the greatest common divisor of t and i?
12
Suppose -m + 2*m - 52 = 0. Calculate the highest common factor of 13 and m.
13
Suppose 0 = -4*z - 2*x + 30, 3*z + 2*x = -3 + 24. What is the highest common divisor of z and 27?
9
Let f(r) = -r - 4. Let q be f(-4). Let u(l) = l**3 - l**2 + 126. Let n be u(q). Let x be (-16 - 2/(-1))*-1. Calculate the greatest common divisor of x and n.
14
Let l = 20 + 6. Calculate the highest common factor of 13 and l.
13
Let z be (1 - 0)*0/3. Suppose z = 4*l - 8*l + 48. What is the greatest common divisor of 108 and l?
12
Let o = -21 - -33. Let b(j) = -3*j - 6. Let f be b(-6). What is the highest common div